2 - 37*b + 52. Let o be u(-20). Calculate x(o).
10
Let s be (-6)/33 - (-390)/(-33) - -6. Let o(b) = -b**3 - 5*b**2 + 6*b - 2. What is o(s)?
-2
Let x(k) = -k**2 - 4*k + 6. Suppose 4*i - i = -0*i. Suppose -2*b + b - 5 = i. Give x(b).
1
Let m(u) = u**2 + u - 6. Let s(o) = -4*o**2 - 6*o + 24. Let h(y) = 9*m(y) + 2*s(y). Give h(5).
4
Let d(h) = 38 - 72 - 3*h + 25. What is d(-3)?
0
Let o(m) = -m**3 + 20*m**2 + 44*m + 5. Let f = 794 + -772. What is o(f)?
5
Let p(w) = 3*w - 2. Let l(s) = -s**2 + 11*s - 16. Let a(f) = 2*f + 1. Let n be a(4). Let h be l(n). Give p(h).
4
Let l(f) = 76*f**3 + 14*f**2 + 14*f - 37. Let i(q) = 15*q**3 + 3*q**2 + 3*q - 8. Let r(c) = 14*i(c) - 3*l(c). Let n be 3*(-1 - 4/(-6)). Determine r(n).
17
Let w(s) = 2*s**2 + 3. Let h be 168/72 - 2/(-3). What is w(h)?
21
Let l(j) = j**3 + 10*j**2 + 0*j**3 - 1231 + 0*j**3 + 1238. Calculate l(-10).
7
Suppose o - 5*o + 8 = 0. Let g(q) = 0*q + 0*q - q + o*q + 6. Give g(-6).
0
Let d be -12*4/(-36)*3. Let w(g) = g**2 - 3*g + 1. Give w(d).
5
Let m(g) = 3*g - 29. Let j be m(19). Let s(q) = -q**2 + 28*q - 11. Give s(j).
-11
Suppose 0 = -2*f - 2 + 8. Suppose 2*o = 4*a - f*o - 14, -2 = o. Let x(w) = -6 + 0 + a + w + 1. Determine x(6).
2
Let b(p) = -p**3 + 2*p**2 - 2*p. Let z be (3 - 3) + -3 + -1 + -1. Let o be z - -2 - (-3 + -2). What is b(o)?
-4
Let k = 59 - 57. Let h(w) = -94*w**2 - 6*w + 46*w**k + 47*w**2. Give h(-6).
0
Let b(f) be the third derivative of -f**6/60 + f**5/15 + f**3/2 + 493*f**2. What is b(3)?
-15
Let p(x) = -x**3 + x**2 - 7. Let t be ((-132)/(-42))/((-2)/(-14)). Let i = -22 + t. What is p(i)?
-7
Let z = -6 - 0. Let k(i) = 4*i**3 - 28*i**2 - 5*i + 20. Let v(l) = l**3 - 9*l**2 - 2*l + 6. Let b(a) = -2*k(a) + 7*v(a). Determine b(z).
-10
Let x be (1 - -7)*10/(-20). Let w(c) = 0 - 1 + 0*c + 2*c - 1. What is w(x)?
-10
Let l(w) = 30*w**2 - 48*w**2 - 9*w + 19*w**2. What is l(9)?
0
Let u(l) = l + 10. Let q(x) = 44*x - 399. Let t be q(9). Calculate u(t).
7
Let h(j) = -j**3 - 8*j**2 - 6*j + 3. Suppose 76 - 48 = -4*i + 2*g, 0 = i - 2*g + 7. What is h(i)?
-4
Let p(t) = -t**2 - 9*t - 3. Suppose 20*b - 22*b = 4*d, 3*b + 5*d = -4. Determine p(b).
5
Let k(v) = 2*v - 1. Let u be 2/(-4) - (-204)/24. Suppose -2*a + 24 = 3*d - u*d, 5*a - 3*d - 22 = 0. Suppose a = -2*r, -5*t + 15 + 5 = -5*r. Calculate k(t).
5
Suppose 0 = 5*a + 4*o + 176, -3*a - 2*a - 180 = 5*o. Let s = a - -39. Let x(u) = 4*u + 2*u - 4 - s*u + 2*u. What is x(4)?
0
Let r(k) = k**2 + 7*k - 7. Let u = 51 - 16. Suppose -20*q + u = -25*q. Give r(q).
-7
Let b(s) be the first derivative of s**4/4 - 7*s**3/3 - s**2/2 + s - 69. Give b(7).
-6
Suppose 0 = -0*p + 4*p + 20. Let d be (160/3)/p*3. Let b be ((-6)/8)/(12/d). Let k(v) = -v**2 + 3*v - 2. What is k(b)?
0
Let q(c) be the first derivative of -c**2/2 + 5*c - 2. Let a(z) = -6*z**2 - 27*z - 10. Let u be a(-4). Suppose -14 = -u*i - 3*o, 0*i = -3*i + o + 21. Give q(i).
-2
Let g = -470 + 470. Let n(j) be the second derivative of 1/6*j**3 - 10*j - 1/2*j**2 + g. Determine n(5).
4
Let w(p) = -p**3 - 7*p**2 - 5*p + 31. Let q(i) = i**3 + 9*i**2 + 6*i - 30. Let j(b) = 4*q(b) + 5*w(b). What is j(0)?
35
Let o(z) = 3*z**3 - 14*z**2 - 3*z - 7. Let j(p) = -5*p**3 + 26*p**2 + 4*p + 14. Let q(a) = 4*j(a) + 7*o(a). Give q(-6).
37
Let b be (2 - 84/16)*4/(-1). Let k(j) = j**3 - 13*j**2 + j - 4. Determine k(b).
9
Let k = -31 - -33. Let c(g) = -6*g + 5 - k - 10*g**2 + 11*g**2. Give c(4).
-5
Suppose -5*q = -7 - 3. Let o(g) = 3*g - q + 0*g + 4 - 6*g. Let i be 8/28 + (-80)/35. Calculate o(i).
8
Let h(n) = n**2 + n - 1. Let o be (0/2)/(-4) + (-1 - 2). Let m be ((-2 - -4) + -3)/(3/o). What is h(m)?
1
Let x(n) = -n**2 + 9*n - 15. Let y = 89 - 86. Determine x(y).
3
Let n(w) be the third derivative of w**4/24 + 2*w**2 - 95*w. Let f be 4/26 + 178/26. Calculate n(f).
7
Let o(p) = -p**2 + 5*p - 1. Suppose 14 - 104 = -10*l. Determine o(l).
-37
Let q(f) be the third derivative of -f**5/60 - f**4/3 - f**3/6 + 190*f**2. What is q(-7)?
6
Suppose -4*t = -2*o - 9 - 3, -4*t + 2 = 3*o. Let d(f) be the first derivative of -f + 0*f**3 + 5 + 1/4*f**4 + 0*f**t. Give d(1).
0
Let i(d) = -12 - 5 + 19 - 9*d + 0. Determine i(-2).
20
Let f be (-994)/(-6) + -1 + 8/6. Let s(h) = -169 + h**2 + 330 + 7*h - 2*h - f. Determine s(-5).
-5
Let h(y) = -8 - 21*y + 12*y + 15*y + 5 - y**2. Give h(4).
5
Let h(p) be the third derivative of -p**6/360 - p**5/20 - 5*p**4/8 + 36*p**2. Let r(s) be the second derivative of h(s). Determine r(-4).
2
Let n(s) = -3*s - 12. Let f(h) = -19*h + 440. Let y be f(23). Determine n(y).
-21
Let k(x) = -2*x**2 + 18*x - 2. Let a be k(9). Let l(o) = -o**3 - 4*o**2 + 1. What is l(a)?
-7
Let t be (5/(-10))/(-3 - (-82)/28). Let l(r) = 2*r - 19. Calculate l(t).
-5
Suppose -3*n + m - 6 = 13, -2*n + m = 13. Let t(y) = 12*y**3 + 12*y**2 + 11. Let w(u) = -5*u**3 - 6*u**2 - 5. Let z(r) = 2*t(r) + 5*w(r). Determine z(n).
-3
Let q(c) = 3 + 7 - 12*c + 3 + 8 - 4. Determine q(5).
-43
Let s(k) = k**3 - 4*k**2 - 5. Suppose 2*c + 3*w = 10 + 10, c + w - 8 = 0. Calculate s(c).
-5
Let v(c) be the second derivative of -c**4/12 + c**3/6 + 5*c**2/2 - c. Suppose 5*r = -4*k + 15, 2*k = 11*r - 33 - 0. What is v(k)?
5
Let v(n) be the first derivative of -n**2/2 - 5*n - 1. Let l = 240 + -170. Let w be (-448)/l - (1 - 6/15). Give v(w).
2
Let y(p) = 4*p**2 - 1. Let d be y(-1). Suppose -a - d = -3*l, -4*a + 11 = -2*l + 3. Let q(i) = a - i**2 - 4*i + 0*i**2 + 11*i - 1. Determine q(6).
8
Let p(s) = 4*s**2 - 2*s + 1. Let x(j) = j**2 + j. Let z(k) = p(k) + 4*x(k). Let r(i) = -2*i + 27. Let a be r(14). Determine z(a).
7
Let z be (-1)/(-2)*12 - 0. Let u(b) = b**3 - 7*b**2 + 7*b. Give u(z).
6
Let o be (-6)/27 - (-870)/27. Let g(i) = -o*i - 41*i + i**2 + 6 + 66*i. What is g(8)?
14
Let r(o) be the second derivative of -3*o + o**2 + 1/6*o**3 + 0 + 1/6*o**4. Calculate r(-2).
8
Let i(p) = -1 + 0*p + p - 11*p. Let n = -9868 + 9867. What is i(n)?
9
Suppose 3*l - 181 = 5*g, -9 = g + l + 24. Let p = -32 - g. Let t(y) = -2 + y**3 + 6 - p + 3*y**2 - 6 - 3*y. Give t(-4).
-9
Suppose 2*f = 5*f. Let y(m) be the third derivative of m**7/2520 + m**6/720 + m**5/15 + m**4/8 + 9*m**2. Let j(a) be the second derivative of y(a). Give j(f).
8
Let j(q) = -35 + 2*q - 20 + 2*q + 51. What is j(3)?
8
Let b(n) = -n + 2. Suppose 3*q = 27 - 96. Let p = -16 - q. Give b(p).
-5
Let x(l) = l**3 + 10*l**2 - 9*l + 15. Suppose 3*m = 5*n - 13, 3*n - 3 = m + n. Give x(m).
-7
Suppose 4 = 2*d + 5*k - 5, -3*d + k + 5 = 0. Let a(o) = 3*o - o + d*o - 3*o. Give a(-7).
-7
Let k(m) = -13*m**2 + m**3 - 3*m**2 - 7*m**2 + 25 - 23*m + 43*m + 6. Give k(22).
-13
Let d be (4/(-5))/((-4)/20). Let g(w) be the third derivative of 0 + 0*w - w**2 - 1/24*w**4 + 1/6*w**3. Give g(d).
-3
Let l(i) = i**2 + 5*i - 6*i + 5*i - 5. Let x be (-16)/(-4)*(-6)/(-4). Let y be 40/(-12)*9/x. What is l(y)?
0
Let q(i) = -i**2 - 10*i - 10. Suppose -5*z = 3*b + 1, -5*b + 24*z - 43 = 22*z. Calculate q(b).
11
Let u(f) = 5*f + 6. Suppose 146 - 155 = 3*i. Give u(i).
-9
Let u(r) be the first derivative of -r**2 + 2*r - 65. Calculate u(-1).
4
Let g(p) = -p**2 + 5*p - 2. Let o(y) = 5*y**2 - 48*y - 1. Let h(b) = 6*g(b) + o(b). Give h(-17).
4
Suppose 2*u - 2*n + 4 = 0, 0*n - 3 = 2*u - 3*n. Let b(a) = 0 + 22*a - 3 + 5 - 11*a. Calculate b(u).
-31
Let v(n) = -8*n - 73. Let z(y) = 24*y - 393. Let i be z(16). Determine v(i).
-1
Let n(y) = 6*y**2 + 12*y**2 - 16*y**2 + 3*y + 2 - 4. Let z(g) = -3*g**2. Let l be z(1). Give n(l).
7
Let l(y) be the third derivative of 9*y**2 - 1/8*y**4 + 1/6*y**3 - 1/30*y**5 + 0*y + 0. Determine l(2).
-13
Suppose -3*a - 5*l + 15 = 0, -6*a + 5*a = 4*l - 12. Suppose 0*p + 2*p = 6. Let y(w) = 4 + w**p + 12 - 4. Calculate y(a).
12
Let c(h) = -11*h**2 + 1. Let w be ((-15)/21 + 20/(-70))*1. Give c(w).
-10
Suppose -n = -x - 3, -4*n - 4*x + 5*x + 6 = 0. Let h(m) = 5*m**2 + 2*m. Let g(b) = b**2 - b. Let i(a) = 2*g(a) + h(a). Give i(n).
7
Let f(m) = -5*m**2 + 4*m - 3. Suppose 3*g - 28 + 22 = 0. Let d be (-3 - -2)/((-1)/g). Determine f(d).
-15
Let t(v) = v**2 + 6*v - 5. Let a(i) = -i + 5. Let r be a(3). Suppose -14 = -n + 4*g, r*n - 7*g = -3*g + 8. Calculate t(n).
-5
Let g(i) = i**2 - 3*i - 1. Suppose 0 = -0*j + 2*j + 2. Let c be 3/(j + 15/6). Suppose -4*h + 10 = 2*v, 3*h - c*v - 12 = v. Determine g(h).
-1
Let z = -5 - -7. Let s(o) be th